{"id":161,"date":"2025-12-02T13:39:56","date_gmt":"2025-12-02T13:39:56","guid":{"rendered":"https:\/\/artebaz.com.ar\/sitio\/?page_id=161"},"modified":"2025-12-09T12:44:03","modified_gmt":"2025-12-09T12:44:03","slug":"taller","status":"publish","type":"page","link":"https:\/\/artebaz.com.ar\/sitio\/taller\/","title":{"rendered":"Taller"},"content":{"rendered":"<figure id=\"attachment_545\" aria-describedby=\"caption-attachment-545\" style=\"width: 300px\" class=\"wp-caption alignleft\"><a href=\"https:\/\/artebaz.com.ar\/sitio\/wp-content\/uploads\/2025\/12\/fototaller-51.jpg\"><img loading=\"lazy\" decoding=\"async\" class=\"wp-image-545 size-medium\" src=\"https:\/\/artebaz.com.ar\/sitio\/wp-content\/uploads\/2025\/12\/fototaller-51-300x200.jpg\" alt=\"\" width=\"300\" height=\"200\" srcset=\"https:\/\/artebaz.com.ar\/sitio\/wp-content\/uploads\/2025\/12\/fototaller-51-300x200.jpg 300w, https:\/\/artebaz.com.ar\/sitio\/wp-content\/uploads\/2025\/12\/fototaller-51-272x182.jpg 272w, https:\/\/artebaz.com.ar\/sitio\/wp-content\/uploads\/2025\/12\/fototaller-51.jpg 448w\" sizes=\"auto, (max-width: 300px) 100vw, 300px\" \/><\/a><figcaption id=\"caption-attachment-545\" class=\"wp-caption-text\">Pintura<\/figcaption><\/figure>\n<p>As\u00ed como es la personalidad de cada persona, tambi\u00e9n&nbsp; lo es su expresi\u00f3n art\u00edstica, y es ah\u00ed donde hay que focalizar; mi tarea es la de proveer las herramientas necesarias para el progreso particular de cada alumno en su imagen pl\u00e1stica; variando seg\u00fan esta imagen la t\u00e9cnica a dar: \u00f3leo, acr\u00edlico, acuarela, carbonilla, tizas pastel, grabado, t\u00e9cnica mixta, etc.<br \/>\nEs fundamentalmente un&nbsp;<em>Taller de Expresi\u00f3n<\/em>, con prop\u00f3sito a alcanzar que cada alumno se encuentre consigo mismo, con su imagen, con su lenguaje pl\u00e1stico, para todo esto se intercalan ejercicios de an\u00e1lisis compositivo, de observaci\u00f3n y de color: una propuesta es la formaci\u00f3n absoluta y exclusiva del color formando a partir de los colores primarios todos los del circulo crom\u00e1tico y luego aplicar estos conocimientos a la Obra de Arte, es una interesante b\u00fasqueda para alcanzar el encuentro con su propia expresi\u00f3n pl\u00e1stica que va desarroll\u00e1ndose a la par de la persona y sus necesidades.<\/p>\n<figure id=\"attachment_544\" aria-describedby=\"caption-attachment-544\" style=\"width: 225px\" class=\"wp-caption alignright\"><a href=\"https:\/\/artebaz.com.ar\/sitio\/wp-content\/uploads\/2025\/12\/dibujo-fototaller-143.jpg\"><img loading=\"lazy\" decoding=\"async\" class=\"wp-image-544 size-medium\" src=\"https:\/\/artebaz.com.ar\/sitio\/wp-content\/uploads\/2025\/12\/dibujo-fototaller-143-225x300.jpg\" alt=\"\" width=\"225\" height=\"300\" srcset=\"https:\/\/artebaz.com.ar\/sitio\/wp-content\/uploads\/2025\/12\/dibujo-fototaller-143-225x300.jpg 225w, https:\/\/artebaz.com.ar\/sitio\/wp-content\/uploads\/2025\/12\/dibujo-fototaller-143.jpg 336w\" sizes=\"auto, (max-width: 225px) 100vw, 225px\" \/><\/a><figcaption id=\"caption-attachment-544\" class=\"wp-caption-text\">Dibujo<\/figcaption><\/figure>\n<p>Por otro lado tambi\u00e9n se da ense\u00f1anza Acad\u00e9mica, el&nbsp;<strong>manejo correcto de cada material pl\u00e1stico<\/strong>,&nbsp;<strong>morfolog\u00eda (estudio de la forma)<\/strong>,&nbsp;<strong>an\u00e1lisis compositivo de la Obra de Arte<\/strong>,&nbsp;<strong>fundamentos visuales<\/strong>&nbsp;y todo aquel inter\u00e9s particular.<\/p>\n<figure id=\"attachment_546\" aria-describedby=\"caption-attachment-546\" style=\"width: 300px\" class=\"wp-caption alignleft\"><a href=\"https:\/\/artebaz.com.ar\/sitio\/wp-content\/uploads\/2025\/12\/grabado.jpg\"><img loading=\"lazy\" decoding=\"async\" class=\"wp-image-546 size-medium\" src=\"https:\/\/artebaz.com.ar\/sitio\/wp-content\/uploads\/2025\/12\/grabado-300x200.jpg\" alt=\"\" width=\"300\" height=\"200\" srcset=\"https:\/\/artebaz.com.ar\/sitio\/wp-content\/uploads\/2025\/12\/grabado-300x200.jpg 300w, https:\/\/artebaz.com.ar\/sitio\/wp-content\/uploads\/2025\/12\/grabado-272x182.jpg 272w, https:\/\/artebaz.com.ar\/sitio\/wp-content\/uploads\/2025\/12\/grabado.jpg 448w\" sizes=\"auto, (max-width: 300px) 100vw, 300px\" \/><\/a><figcaption id=\"caption-attachment-546\" class=\"wp-caption-text\">Grabado<\/figcaption><\/figure>\n<p>Las clases se completan con Historia del Arte, con el manejo de diapositivas para ejemplificar los movimientos art\u00edsticos y t\u00e9cnicas explicativas.<\/p>\n<p>Se realiza an\u00e1lisis de la figura humana con Modelo Vivo y fotograf\u00edas para un estudio anat\u00f3mico aplicado al dibujo y a la pintura; as\u00ed como tambi\u00e9n un estudio expresivo con deformaci\u00f3n pl\u00e1stica.<\/p>\n<p>El objetivo final&nbsp; es el&nbsp;<strong>descubrimiento&nbsp;<em>Pl\u00e1stico Personal<\/em><\/strong>&nbsp;como resultado de experiencias con diferentes materiales, t\u00e9cnicas, tem\u00e1ticas, observaciones y en definitiva con toda creaci\u00f3n.<br \/>\nEs un&nbsp;<strong>Taller de Pintura, Dibujo y Grabado<\/strong>&nbsp;para principiantes y avanzados. Se dan clases con materiales incluidos.<\/p>\n<p>Duraci\u00f3n de Clases: 3 horas<br \/>\nConsultar d\u00edas y horarios.<br \/>\nCelular: 15.4946.9025<br \/>\nUbicaci\u00f3n: Villa Urquiza<\/p>\n<p>\u2022 <a href=\"https:\/\/artebaz.com.ar\/sitio\/contacto-2\/\">Cuadros por Encargo<\/a><\/p>\n<p>\u2022 Galer\u00eda de obras del Taller<\/p>\n<p>&nbsp;<br \/>\n<iframe loading=\"lazy\" src=\"https:\/\/www.google.com\/maps\/d\/embed?mid=1NIU2Fs3LRlMxQ_d2FOGgOZRcRNA&amp;hl=es&amp;ehbc=2E312F\" width=\"100%\" height=\"480\"><\/iframe><br \/>\n&nbsp;<br \/>\nColectivos: 114- 133 &#8211; 93 &#8211; 107- 140 &#8211; 41 &#8211; 169 &#8211; 175 &#8211; 168 &#8211; 71 &#8211; 176 -76<br \/>\nTrenes: Estaci\u00f3n Luis Mar\u00eda Drago &#8211; Ferrocarril Mitre.<br \/>\nSubte: L\u00ednea B: Estaci\u00f3n Los Incas (10 cuadras)<br \/>\nPr\u00f3ximamente: Estaci\u00f3n Juan Manuel de Rosas (6 cuadras).<\/p>\n","protected":false},"excerpt":{"rendered":"<p>As\u00ed como es la personalidad de cada persona, tambi\u00e9n&nbsp; lo es su expresi\u00f3n art\u00edstica, y es ah\u00ed donde hay que focalizar; mi tarea es la de proveer las herramientas necesarias para el progreso particular de cada alumno en su imagen pl\u00e1stica; variando seg\u00fan esta imagen la t\u00e9cnica a dar: \u00f3leo, acr\u00edlico, acuarela, carbonilla, tizas pastel, [&hellip;]<\/p>\n","protected":false},"author":2,"featured_media":0,"parent":0,"menu_order":0,"comment_status":"closed","ping_status":"closed","template":"","meta":{"ngg_post_thumbnail":0,"footnotes":""},"class_list":["post-161","page","type-page","status-publish","hentry","post"],"_links":{"self":[{"href":"https:\/\/artebaz.com.ar\/sitio\/wp-json\/wp\/v2\/pages\/161","targetHints":{"allow":["GET"]}}],"collection":[{"href":"https:\/\/artebaz.com.ar\/sitio\/wp-json\/wp\/v2\/pages"}],"about":[{"href":"https:\/\/artebaz.com.ar\/sitio\/wp-json\/wp\/v2\/types\/page"}],"author":[{"embeddable":true,"href":"https:\/\/artebaz.com.ar\/sitio\/wp-json\/wp\/v2\/users\/2"}],"replies":[{"embeddable":true,"href":"https:\/\/artebaz.com.ar\/sitio\/wp-json\/wp\/v2\/comments?post=161"}],"version-history":[{"count":6,"href":"https:\/\/artebaz.com.ar\/sitio\/wp-json\/wp\/v2\/pages\/161\/revisions"}],"predecessor-version":[{"id":551,"href":"https:\/\/artebaz.com.ar\/sitio\/wp-json\/wp\/v2\/pages\/161\/revisions\/551"}],"wp:attachment":[{"href":"https:\/\/artebaz.com.ar\/sitio\/wp-json\/wp\/v2\/media?parent=161"}],"curies":[{"name":"wp","href":"https:\/\/api.w.org\/{rel}","templated":true}]}}

<figure id="attachment_545" aria-describedby="caption-attachment-545" style="width: 300px" class="wp-caption alignleft"><a href="https://artebaz.com.ar/sitio/wp-content/uploads/2025/12/fototaller-51.jpg"><img loading="lazy" decoding="async" class="wp-image-545 size-medium" src="https://artebaz.com.ar/sitio/wp-content/uploads/2025/12/fototaller-51-300x200.jpg" alt="" width="300" height="200" srcset="https://artebaz.com.ar/sitio/wp-content/uploads/2025/12/fototaller-51-300x200.jpg 300w, https://artebaz.com.ar/sitio/wp-content/uploads/2025/12/fototaller-51-272x182.jpg 272w, https://artebaz.com.ar/sitio/wp-content/uploads/2025/12/fototaller-51.jpg 448w" sizes="auto, (max-width: 300px) 100vw, 300px" /></a><figcaption id="caption-attachment-545" class="wp-caption-text">Pintura</figcaption></figure>
<p>Así como es la personalidad de cada persona, también&nbsp; lo es su expresión artística, y es ahí donde hay que focalizar; mi tarea es la de proveer las herramientas necesarias para el progreso particular de cada alumno en su imagen plástica; variando según esta imagen la técnica a dar: óleo, acrílico, acuarela, carbonilla, tizas pastel, grabado, técnica mixta, etc.<br />
Es fundamentalmente un&nbsp;<em>Taller de Expresión</em>, con propósito a alcanzar que cada alumno se encuentre consigo mismo, con su imagen, con su lenguaje plástico, para todo esto se intercalan ejercicios de análisis compositivo, de observación y de color: una propuesta es la formación absoluta y exclusiva del color formando a partir de los colores primarios todos los del circulo cromático y luego aplicar estos conocimientos a la Obra de Arte, es una interesante búsqueda para alcanzar el encuentro con su propia expresión plástica que va desarrollándose a la par de la persona y sus necesidades.</p>
<figure id="attachment_544" aria-describedby="caption-attachment-544" style="width: 225px" class="wp-caption alignright"><a href="https://artebaz.com.ar/sitio/wp-content/uploads/2025/12/dibujo-fototaller-143.jpg"><img loading="lazy" decoding="async" class="wp-image-544 size-medium" src="https://artebaz.com.ar/sitio/wp-content/uploads/2025/12/dibujo-fototaller-143-225x300.jpg" alt="" width="225" height="300" srcset="https://artebaz.com.ar/sitio/wp-content/uploads/2025/12/dibujo-fototaller-143-225x300.jpg 225w, https://artebaz.com.ar/sitio/wp-content/uploads/2025/12/dibujo-fototaller-143.jpg 336w" sizes="auto, (max-width: 225px) 100vw, 225px" /></a><figcaption id="caption-attachment-544" class="wp-caption-text">Dibujo</figcaption></figure>
<p>Por otro lado también se da enseñanza Académica, el&nbsp;<strong>manejo correcto de cada material plástico</strong>,&nbsp;<strong>morfología (estudio de la forma)</strong>,&nbsp;<strong>análisis compositivo de la Obra de Arte</strong>,&nbsp;<strong>fundamentos visuales</strong>&nbsp;y todo aquel interés particular.</p>
<figure id="attachment_546" aria-describedby="caption-attachment-546" style="width: 300px" class="wp-caption alignleft"><a href="https://artebaz.com.ar/sitio/wp-content/uploads/2025/12/grabado.jpg"><img loading="lazy" decoding="async" class="wp-image-546 size-medium" src="https://artebaz.com.ar/sitio/wp-content/uploads/2025/12/grabado-300x200.jpg" alt="" width="300" height="200" srcset="https://artebaz.com.ar/sitio/wp-content/uploads/2025/12/grabado-300x200.jpg 300w, https://artebaz.com.ar/sitio/wp-content/uploads/2025/12/grabado-272x182.jpg 272w, https://artebaz.com.ar/sitio/wp-content/uploads/2025/12/grabado.jpg 448w" sizes="auto, (max-width: 300px) 100vw, 300px" /></a><figcaption id="caption-attachment-546" class="wp-caption-text">Grabado</figcaption></figure>
<p>Las clases se completan con Historia del Arte, con el manejo de diapositivas para ejemplificar los movimientos artísticos y técnicas explicativas.</p>
<p>Se realiza análisis de la figura humana con Modelo Vivo y fotografías para un estudio anatómico aplicado al dibujo y a la pintura; así como también un estudio expresivo con deformación plástica.</p>
<p>El objetivo final&nbsp; es el&nbsp;<strong>descubrimiento&nbsp;<em>Plástico Personal</em></strong>&nbsp;como resultado de experiencias con diferentes materiales, técnicas, temáticas, observaciones y en definitiva con toda creación.<br />
Es un&nbsp;<strong>Taller de Pintura, Dibujo y Grabado</strong>&nbsp;para principiantes y avanzados. Se dan clases con materiales incluidos.</p>
<p>Duración de Clases: 3 horas<br />
Consultar días y horarios.<br />
Celular: 15.4946.9025<br />
Ubicación: Villa Urquiza</p>
<p>• <a href="https://artebaz.com.ar/sitio/contacto-2/">Cuadros por Encargo</a></p>
<p>• Galería de obras del Taller</p>
<p>&nbsp;<br />
<iframe loading="lazy" src="https://www.google.com/maps/d/embed?mid=1NIU2Fs3LRlMxQ_d2FOGgOZRcRNA&amp;hl=es&amp;ehbc=2E312F" width="100%" height="480"></iframe><br />
&nbsp;<br />
Colectivos: 114- 133 &#8211; 93 &#8211; 107- 140 &#8211; 41 &#8211; 169 &#8211; 175 &#8211; 168 &#8211; 71 &#8211; 176 -76<br />
Trenes: Estación Luis María Drago &#8211; Ferrocarril Mitre.<br />
Subte: Línea B: Estación Los Incas (10 cuadras)<br />
Próximamente: Estación Juan Manuel de Rosas (6 cuadras).</p>

<p>Así como es la personalidad de cada persona, también&nbsp; lo es su expresión artística, y es ahí donde hay que focalizar; mi tarea es la de proveer las herramientas necesarias para el progreso particular de cada alumno en su imagen plástica; variando según esta imagen la técnica a dar: óleo, acrílico, acuarela, carbonilla, tizas pastel, [&hellip;]</p>
